hat are the prime factors of w?
3, 61
Suppose -4*v + 25 + 111 = 0. Let n = v - 13. List the prime factors of n.
3, 7
Suppose 3*q + r = 45980 + 66387, -5*q + 5*r = -187285. List the prime factors of q.
2, 2341
Let j = 2444 - 1427. Let o = -591 + j. What are the prime factors of o?
2, 3, 71
Suppose 22*l - 24*l - 6 = 0. Let v(n) = -46*n - 4. Let x be v(l). Suppose 3*g = x + 268. List the prime factors of g.
2, 67
Suppose o = 3*n - 27, -5*n + 3*o = -2*o - 35. Suppose 16 = 3*w + n. Suppose -w*t = -5*m + 387, -m - m = -4*t - 158. What are the prime factors of m?
7, 11
Suppose 5*q + 4*i + 4 = 0, q = -q + 3*i - 20. Let v be (6 + q + 3)/1. Suppose v*w - 373 - 458 = 3*y, -3*w + 2*y + 498 = 0. List the prime factors of w.
2, 3, 7
Let l = -115 - -119. Suppose -3*c + 2*f + 1038 = 5*f, -l*c - 5*f + 1381 = 0. What are the prime factors of c?
349
What are the prime factors of 732/(-6222) + 1932904/34?
2, 3, 5, 379
Let d(m) = -2*m**3 + 22*m**2 + 15*m + 14. Suppose -3*p - 52 = -4*g, -4*g - 3 = -p - 23. Let a = 27 + p. List the prime factors of d(a).
179
Suppose -5*j - 4 = 4*p, -3 + 2 = -2*j + p. Suppose -44*v - 3516 + 13768 = j. What are the prime factors of v?
233
Let t = -55 + 80. Suppose f + t = 6*f. Suppose 8*b - 216 = f*b. What are the prime factors of b?
2, 3
Let v = -8187 - -12611. List the prime factors of v.
2, 7, 79
Let o(d) be the first derivative of -19*d**2 + 3*d + 20. Let f be o(1). Let s = 108 + f. What are the prime factors of s?
73
Suppose -2897 = -2*g + 3*i + 30679, 2*g - 33584 = i. What are the prime factors of g?
2, 3, 311
Let j(c) = 11*c - 3. Let f be j(4). Let x be (-260)/(12 - 22) + (3 - 1). Let b = f - x. What are the prime factors of b?
13
Let g = 37944 + -26178. What are the prime factors of g?
2, 3, 37, 53
Suppose 0 = 4*w - w + 2*s - 2071, 2*s + 1394 = 2*w. Suppose 6*h - 3*o = 4*h + 343, -4*h - o + w = 0. Suppose 91 = 3*c - h. List the prime factors of c.
2, 11
Suppose s + 1 - 4 = 0. Suppose s*a - 52 = -4*b, -13 = 4*a + 2*b - 69. List the prime factors of (-2)/(-8) + (1533/a - 0).
2
Suppose -4*n - 145 = -217. List the prime factors of (-7*2)/(4 - 75/n).
2, 3, 7
Suppose -372 = -0*c - 31*c. Suppose -c*i = -11*i - 171. What are the prime factors of i?
3, 19
What are the prime factors of (-72)/(-84)*-7 + 1340?
2, 23, 29
Let m = -162 - -194. List the prime factors of 1/4 - (-760)/m.
2, 3
Let a = -256 + 180. Suppose -r + 4 = 4*v + 4*r, -r = 0. List the prime factors of ((-2)/8)/(v/a).
19
Let a = -16 + 20. Let n(c) = 68*c**2 + 10*c - 24. Let o be n(a). Suppose -3*t = -5*z + 1088, -2*t + o = 5*z - t. List the prime factors of z.
2, 5, 11
Suppose 2*w = 3*i - 5, 32*w - 10 = i + 29*w. Suppose 3*x - 28 = -x. Suppose 16 = 4*u, 2*k + i*u = x + 199. List the prime factors of k.
3, 31
Let g(j) = -j**2 + 28. Let k be g(6). Let d be 180 + k/16*0/(-2). Suppose -6*b = -b - d. List the prime factors of b.
2, 3
Suppose 2607*r - 2608*r = -798. What are the prime factors of r?
2, 3, 7, 19
Let j be -406 - (5 - (-1 + 8)). Let i = 16 - j. List the prime factors of i.
2, 3, 5, 7
Suppose 2*t + 5 = 5*t - h, 2*t = -h + 10. Suppose 4*x + 371 = -t*u, 0*u + 124 = -u - x. Let a = 193 + u. List the prime factors of a.
2, 17
Let y = -20 + 22. Suppose -551 - 665 = -y*k. What are the prime factors of k?
2, 19
Suppose 14*o = 20*o - 2088. Let l = o + 7. List the prime factors of l.
5, 71
Suppose 3*l + 4653 = o, -4*o - 4*l + 8501 = -10127. List the prime factors of o.
2, 3, 97
Let k(u) = 3 - 5 - 4*u + 8 + 0. Let m be k(-2). Let h = 22 - m. List the prime factors of h.
2
Let t = 2946 + -1542. Suppose 10*d - 1146 = t. Let h = d + 17. What are the prime factors of h?
2, 17
Let c = 6981 + 503. What are the prime factors of c?
2, 1871
Suppose 11924 = 139*b - 135*b. List the prime factors of b.
11, 271
Let j = 449 - 154. Suppose -216 = -q + j. List the prime factors of q.
7, 73
Let h(a) = 6166*a - 1274. List the prime factors of h(4).
2, 5, 2339
Let v = 5476 - 4556. What are the prime factors of v?
2, 5, 23
Let z be ((-6)/(-18))/((-4)/(-132)). Suppose -z*n = -113 - 217. What are the prime factors of n?
2, 3, 5
Let d = 123 - 131. What are the prime factors of 211*d/16*-4?
2, 211
Suppose 9*f - 4*t = 7*f + 29378, -4*f + t = -58791. What are the prime factors of f?
14699
Suppose -3*i + a = -32426, 5*i + 26*a = 30*a + 54034. What are the prime factors of i?
2, 5, 23, 47
Let f(w) = 3*w**2 + 2*w + 5. Suppose h - 19 = 4*t - 2*h, -15 = -3*h. Let v(g) = g**2 + g - 1. Let a(d) = t*f(d) + 4*v(d). List the prime factors of a(-9).
2, 3
Suppose 3*q - 4 - 28 = -5*s, 3*s - 2*q - 4 = 0. Suppose 2 = -4*o - 2*p + 6, s*o = 5*p + 32. Suppose -o*r - 38 = -62. List the prime factors of r.
2
Let v(z) = 141*z**2 - 19*z + 98. List the prime factors of v(3).
2, 5, 131
Let y(i) be the first derivative of i**4/2 - 8*i**3/3 - 3*i**2 + 2*i + 43. Let o be y(6). Let p = o + -32. List the prime factors of p.
2, 3, 13
Let d = -497 + 225. Let u = 607 - d. List the prime factors of u.
3, 293
List the prime factors of (7 + -40)*-1719 - -15.
2, 3, 7, 193
Suppose 5*p = 5*y + p + 77, 5*y = -p - 62. Suppose -7 = w - 40. Let x = w - y. What are the prime factors of x?
2, 23
Let q = 629 + 428. Let d = -440 + q. What are the prime factors of d?
617
Suppose 4*u - 1 = -5, -293 = p + 2*u. Let f = p + 509. List the prime factors of f.
2, 109
Let g = 153 + -152. Let s(k) = -15*k**2 + 1 + 117*k**3 + k - 2*k - 20*k**2 + 36*k**2. List the prime factors of s(g).
2, 59
Let c(q) = 42*q - 842. Let z be c(0). Let h = -270 - z. What are the prime factors of h?
2, 11, 13
Let g(m) = -77*m**3 - 43*m**2 - 269*m + 39. What are the prime factors of g(-6)?
3, 7, 797
Let q = 3391 + 10786. What are the prime factors of q?
14177
Let f(p) be the second derivative of -31/2*p**2 + 11*p + 1/6*p**4 + 1/6*p**3 + 0. List the prime factors of f(9).
2, 5, 7
Let q(j) = -j**2 - 5*j - 29. Let a be q(6). Let x = a + 99. Suppose 0*b = x*b - 420. List the prime factors of b.
3, 5, 7
Suppose -2*h + 6*h = c - 68, -5*c = 5*h - 215. Let o = 73 + c. List the prime factors of o.
11
Let i be (0 - -15*1)*(-10)/25. Let r be (-2)/i*(-17 - -23). List the prime factors of 74*(2 + (5/r - 4)).
37
Let c be -3 + 11/(44/72). Let q be (-12)/c - (-102)/15. Suppose -596 = -q*p + 382. What are the prime factors of p?
163
Let j(k) = k**2 - 4*k - 3. Let f be j(6). Let z(d) be the second derivative of 13*d**3/3 - 41*d**2/2 + 1264*d. What are the prime factors of z(f)?
193
Suppose -5*n = -2*o - 10, -n = 4*o - 2*n - 16. Suppose -4*r + 3*y + 1815 = 0, 5*r - o*y - 1831 = 434. What are the prime factors of r?
2, 3, 19
Let j = 95 + -81. Suppose 3*b + j*b = 7140. List the prime factors of b.
2, 3, 5, 7
Let f be (6/5)/(12/40). Suppose 10*c - 6 = f. List the prime factors of (-9 - -32) + (-1 - c).
3, 7
Let i(n) = -32540*n**3 + 9*n**2 + 9*n. What are the prime factors of i(-1)?
2, 5, 1627
Suppose 2*r + 30894 = 4*m + 4*r, 0 = 4*m + r - 30899. What are the prime factors of m?
2, 3863
Let t(k) = k**3 - 8*k**2 + 16*k - 15. Let r be t(6). Suppose -p = 2, -5*o = -r*p + 6*p - 2896. List the prime factors of o.
2, 17
Suppose -2*c - 20 = 3*c - 5*j, 12 = c + 3*j. Suppose c = x - 3*o + 56, -1 - 105 = 2*x - 3*o. Let d = x - -80. List the prime factors of d.
2, 3, 5
Suppose 2*y - 6*o = -9*o + 16, -8 = -y + o. Let q(i) = 52*i + 132. List the prime factors of q(y).
2, 137
Suppose -5*x + 3*r = 59 + 116, -4*x - 127 = -5*r. Let c = 27 + x. Let w = 23 - c. What are the prime factors of w?
2, 17
Suppose -5*v = -5*c + 6*c - 25, -5*c - 37 = -2*v. List the prime factors of 9/((-189)/v) - 5560/(-7).
2, 397
Let b be (-1975)/((60/(-5))/(-3) + -3). Let s = -1269 - b. What are the prime factors of s?
2, 353
Let z(w) = 596*w**2 - 9*w + 11. What are the prime factors of z(-4)?
7, 37
What are the prime factors of (18838/2)/(18/(89 + 1))?
5, 9419
Suppose 3*x - 2*x = l + 4831, 2*l + 9655 = -5*x. What are the prime factors of (4 + -5)/(10/l)?
3, 7, 23
Let z(u) = 55*u - 52. Let b be z(-9). Let l = -270 - b. List the prime factors of l.
277
Suppose -4*d + 5*d - 5 = 0, -2*d = 5*b - 6110. Let a = 584 + b. List the prime factors of a.
2, 11, 41
Suppose 0 = -2*s - 2*f + 7574, 0 = -s + 3*s - 3*f - 7599. List the prime factors of s.
2, 3, 79
What are the prime factors of -14786*((-10)/20)/1?
7393
Suppose -74*k = 13*k + 40279 - 2028403